20*m + 13. List the prime factors of l(9).
7, 97
Let a be -3 + -11 + (7 - 3). What are the prime factors of (208/a)/(7 + 1062/(-150))?
2, 5, 13
Suppose -g + 1 + 2 = 0. Suppose 2*l + 1 + 3 = 0, 2*t - 14 = -g*l. What are the prime factors of t?
2, 5
Suppose 0 = -9*n + 12*n + 3*w - 3066, -n + 2*w + 1013 = 0. What are the prime factors of n?
1019
Let b(a) = -117*a**3 + 2*a**2 + 2*a + 1. Let i be b(-1). Let p = 130 - i. List the prime factors of p.
2, 3
Suppose -5*q = -t + 1868, -3*t + 4488 = 4*q - 1040. What are the prime factors of t?
2, 3, 7, 11
Let y(q) be the second derivative of q**5/20 + q**4/12 - q**3/3 + 77*q**2/2 + 16*q. List the prime factors of y(0).
7, 11
Let m = 24 + -24. Suppose -4*f + 16 = 0, 0 = -d - m*d + f + 38. List the prime factors of d.
2, 3, 7
Suppose -5*a = -4*p + 281, 3*p - 7*a - 211 = -3*a. Suppose -3*l = o + 5, o - 6 = l - 3*o. List the prime factors of p + 8/4*l.
5, 13
Suppose 4*f + 16 = 0, -3*f - 496 = -3*s - 8*f. Let v = s + -89. List the prime factors of v.
83
Let g(b) = 634*b + 321. List the prime factors of g(5).
3491
Let x(d) = d**2 + d + 139. Let b be x(0). Suppose 0*s = 3*s - 9. Suppose -s*f = -b + 49. List the prime factors of f.
2, 3, 5
Suppose 3*l + 8 = 3*s + 26, 1 = l. What are the prime factors of 200 + 0 + (s - -7)?
2, 101
Suppose 4*j - 143 - 21 = -2*q, -2*q + 169 = 3*j. Let l be (3/(-4))/(1/q). Let p = 119 + l. List the prime factors of p.
2, 5
Let q(j) = 38*j**2 + 31*j + 136. What are the prime factors of q(-4)?
2, 5, 31
Let c(t) = -5*t**3 + 2*t**2 - 10*t + 9. What are the prime factors of c(-8)?
2777
Let t(p) = p - 11. Let h be t(-8). Let i = h - -75. Suppose 5*b - 29 = i. What are the prime factors of b?
17
Let g(p) = -4*p. Let u be g(-3). List the prime factors of 13 - 16 - u*-6.
3, 23
Let a = 429 - -19. What are the prime factors of a?
2, 7
Let t(q) = -3*q**2 - 19*q - 12. Let a(c) = -6*c**2 - 39*c - 25. Let d(n) = 3*a(n) - 7*t(n). List the prime factors of d(-7).
2, 11
Let x = -6 + 9. Suppose 2*c = -u + 3*u + 2, -x*c + 18 = 2*u. Suppose -55 = -c*l - 5*g, -2*l + 14 - 6 = -4*g. List the prime factors of l.
2, 5
Suppose 7*w - 8961 = -1989. Suppose -15*o + 12*o = -w. What are the prime factors of o?
2, 83
Let t(w) = -25*w**2 - 346*w - 20. What are the prime factors of t(-9)?
1069
Let x(d) = 6*d - 14. Let v be x(-6). Let b = 75 + v. What are the prime factors of b?
5
Let q(c) = -12*c**2 + 6*c - 4. Let d be q(6). List the prime factors of (-2)/9 + d/(-18) - 0.
2, 11
Suppose 4*h + 4*d - 3664 = 0, 4*d = -3*h + 5*d + 2728. What are the prime factors of h?
911
Suppose 571*m + 2840 = 579*m. What are the prime factors of m?
5, 71
Suppose 5*u - 1 - 9 = 0. Suppose 38 = u*p + 8. What are the prime factors of 10/p + (-201)/(-9)?
23
Let v = 12 - 8. Let z(j) = -j**3 + 9*j**2 + 4*j - 8. What are the prime factors of z(v)?
2, 11
Suppose -4*j + 18 = -2*q, j - 4*q + 8 = 4*j. Let t be j + (0 - 1) - 0. What are the prime factors of ((-13)/5 + t)*70?
2, 7
Let n(i) = -2*i + 6. Let a be n(0). Suppose -144 = 2*h - a*h. Let c = 55 - h. List the prime factors of c.
19
Let t = -3 - -7. Suppose p + 374 = 4*n - p, 297 = 3*n + t*p. Suppose -r = 5*w - 77, -2*w + 5*r = 3*w - n. What are the prime factors of w?
2
Let v(a) = 25*a**2 + 49*a + 5. What are the prime factors of v(-7)?
887
Suppose 2*g + j = -29, 4*j + 80 = -3*g - 2*g. Let o be g*2*(-3)/12. Suppose -3*w - 27 = -o*w. What are the prime factors of w?
3
Suppose -330257 = 15*p - 98*p. List the prime factors of p.
23, 173
List the prime factors of (-176 - 15)*(-5 + 1).
2, 191
Suppose -4*n = 5*q - 29, -3*q = q - n - 40. Let z = 7 - q. What are the prime factors of (-520)/(-16) + (-1)/z?
3, 11
Let l = -99 - -411. List the prime factors of l.
2, 3, 13
List the prime factors of (-3 - -8) + -12 - (1 + -3546).
2, 29, 61
Suppose 0 = -3*j + 1 - 4, 0 = -4*s - 4*j + 2408. Suppose -2*p = 205 - s. List the prime factors of p.
199
Let b = -73 + 160. List the prime factors of b.
3, 29
Suppose 3*l - 5*l - 8 = 0. Suppose 0 = -13*v + 15 + 11. What are the prime factors of (-1)/v - 42/l?
2, 5
Let d(t) = -t**3 + 12*t - 4. Let s(g) = g**3 - g**2 - 11*g + 4. Let v(h) = -6*d(h) - 7*s(h). Suppose -o = -0*o - 7. What are the prime factors of v(o)?
31
Let i be (-55)/25 + (-2)/(-10). What are the prime factors of -3 + (i - -57) + -2?
2, 5
Suppose -35*x - 57 = -38*x. What are the prime factors of x?
19
Suppose 100*c - 28356 - 42044 = 0. What are the prime factors of c?
2, 11
Suppose 0 = -5*j - 21 - 139. Let b = 54 + j. What are the prime factors of b?
2, 11
Suppose n = -5*b - 80, 0 = -2*n - 2*n - 5*b - 335. Let d = n - -163. List the prime factors of d.
2, 3, 13
Let x(n) = -8*n + 84. List the prime factors of x(-32).
2, 5, 17
Let x(m) = 3*m**2 + 52*m - 77. List the prime factors of x(-45).
2, 31, 59
Let d(i) = -i**2 - 8*i + 10. Let u be d(-16). Let n = -74 - u. Let h = 83 - n. What are the prime factors of h?
3, 13
Suppose a - 2*a = -98. Let s = a - 15. Suppose -s = -4*j + 41. What are the prime factors of j?
31
Let s be 18/5 + 3/(-5). Suppose 101 + 262 = s*v. What are the prime factors of v?
11
List the prime factors of 14/(-35) + 42004/10.
2, 3, 5, 7
Let y = -2 - -10. Let s be 10*1/((-10)/8). List the prime factors of y*4/(s/(-7)).
2, 7
Let s = 12 + -9. Let a be 0 + (s - 1/1). Suppose 4*j - a = 22. List the prime factors of j.
2, 3
Let y(f) = 2*f**2 + 14*f + 3. Let l be y(-7). Suppose v + 14 = l*n, -2*n + 0*v + 3*v = 0. List the prime factors of ((-366)/(-9))/(n/9).
61
List the prime factors of ((-180)/3)/((-24)/144).
2, 3, 5
Let g = -4 + 8. Suppose 0 = 5*k - g*k + 15. Let o = k + 27. What are the prime factors of o?
2, 3
Let o(k) be the third derivative of k**5/60 + k**4/2 - 17*k**2. What are the prime factors of o(-13)?
13
Let u = 3289 - 1195. What are the prime factors of u?
2, 3, 349
Suppose 13*g - 119 = 6*g. Suppose 34 = g*w - 15*w. What are the prime factors of w?
17
Suppose 0 = 23*k - 21*k - 16. List the prime factors of ((-102)/k)/((-1)/((-48)/(-18))).
2, 17
Suppose -p + 0*u - 2*u = 8, -3*p - 2*u - 8 = 0. Suppose p = -10*g + 11*g - 14. Suppose 0 = -f + 19 + g. What are the prime factors of f?
3, 11
Let j be (-4)/(-14) - 16/56. Suppose -2*q + 78 + 8 = j. What are the prime factors of q?
43
Let k(y) = -y**2 - 8*y + 12. Let p be k(-7). Let n = p - 6. What are the prime factors of n?
13
Suppose -14*b + 18*b = -1008. Let k = b + 481. List the prime factors of k.
229
Suppose -4*z + 168 = 5*p, 197 = 5*z - 3*p + 6*p. Let k = z - 33. What are the prime factors of k?
2
List the prime factors of (-5)/5 + -2 + 1 + 342.
2, 5, 17
Suppose 4*w + 2*a = 28, -3*w + 0*a = -2*a - 7. Suppose 3*h + t - 54 + 12 = 0, 0 = w*h + 3*t - 70. What are the prime factors of h?
2, 7
Suppose 11 = 5*p - 4. Suppose -p*j = -0*j - 45. Let m = 27 - j. What are the prime factors of m?
2, 3
Let d = 39 - 29. Suppose 169 = 3*t + d*t. List the prime factors of t.
13
Suppose 56*r - 145144 + 43168 = 0. What are the prime factors of r?
3, 607
Suppose 5*c - 2*c + 30 = 0. Let r = 8 + c. What are the prime factors of 23 - r*(-2 + 1)?
3, 7
Suppose 0 = -2*c + 4*i + 4, -3*c = -8*c + i + 55. Let x(b) = -b + 21. Let k be x(c). Suppose -4*g - k = -41. List the prime factors of g.
2
Suppose 2*b + 8 = 0, -17*b + 322 = 3*f - 15*b. List the prime factors of f.
2, 5, 11
Let k = -6 - -14. Let y = -32 + k. Let t = y + 28. What are the prime factors of t?
2
Let r be 8/2*3/6. Let q(y) = 7*y**r - 2*y - 5*y**2 + 3*y**2 + 1. List the prime factors of q(1).
2
Let a = -124 + 481. List the prime factors of a.
3, 7, 17
Let b(j) = 36*j - 15. Let r(m) = 5*m - 2. Let h(a) = 4*b(a) - 27*r(a). List the prime factors of h(5).
3, 13
Let l(s) = 17*s**2 - 12*s - 2. What are the prime factors of l(-10)?
2, 3, 101
Let t = 204 + -65. What are the prime factors of t?
139
Let j(v) = -167*v - 1. Suppose -3 = 2*w - 1. List the prime factors of j(w).
2, 83
Suppose -16*i + 3*i + 39 = 0. Suppose -i*h + f + 54 = -485, 2*f = -5*h + 913. What are the prime factors of h?
181
Suppose -u + 0*u = 0. Let n(d) = -d**2 + d + 11. Let c be n(u). Let v = 21 - c. What are the prime factors of v?
2, 5
Let g = -16 - -10. What are the prime factors of ((-4)/g)/(8/708)?
59
Let k(a) = 36*a - 5. Suppose 3*l - 8 = -2*m + 8, -3*l = -m - 10. What are the prime factors of k(m)?
67
Let i = -8 + 0. Let b(f) =